{"id":10,"date":"2021-10-26T09:42:32","date_gmt":"2021-10-26T07:42:32","guid":{"rendered":"http:\/\/przypomnijoprzegladzie.pl\/?page_id=10"},"modified":"2025-06-13T08:55:34","modified_gmt":"2025-06-13T06:55:34","slug":"przypomnij-o-przegladzie","status":"publish","type":"page","link":"http:\/\/przypomnijoprzegladzie.pl\/?page_id=10","title":{"rendered":"Przypomnij o przegl\u0105dzie"},"content":{"rendered":"<h2> Pami\u0119taj o przegl\u0105dzie, zapomnij o k\u0142opotach!<\/h2>\n<p>Ju\u017c nied\u0142ugo zmieni\u0105 si\u0119 przepisy dotycz\u0105ce <strong>bada\u0144 technicznych<\/strong> pojazd\u00f3w. Najwi\u0119ksze utrudnienia napotkaj\u0105 zapominalscy kierowcy, kt\u00f3rzy je\u015bli nie wykonaj\u0105 <strong>przegl\u0105du rejestracyjnego<\/strong> w ci\u0105gu 30 dni po terminie b\u0119d\u0105 go musieli wykona\u0107 na tzw. wojew\u00f3dzkiej <strong>stacji kontroli pojazd\u00f3w<\/strong>, kt\u00f3rych ma powsta\u0107 w ca\u0142ej Polsce 16, czyli po jednej na wojew\u00f3dztwo. Oznacza to, \u017ce w ekstremalnych przypadkach niekt\u00f3rzy z nas b\u0119d\u0105 musieli pokona\u0107 odleg\u0142o\u015b\u0107 prawie 100 km do <strong>stacji kontroli pojazd\u00f3w<\/strong> oczywi\u015bcie nara\u017caj\u0105c si\u0119 na mandat za brak aktualnych bada\u0144 technicznych. Dodatkowym obci\u0105\u017ceniem kierowcy, kt\u00f3ry nie zrobi przegl\u0105du na czas b\u0119dzie wy\u017csza kwota za badanie i wyniesie ona a\u017c 252 z\u0142. Jak widzisz nie op\u0142aca si\u0119 zapomina\u0107 o terminie <strong>przegl\u0105du rejestracyjnego<\/strong>.<\/p>\n<p>Og\u00f3lnopolska sie\u0107 <strong>stacji kontroli pojazd\u00f3w<\/strong> <strong>Speed Car<\/strong> dzia\u0142a na rynku polskim od 2000 r. Nie chcemy nara\u017ca\u0107 kierowc\u00f3w na dodatkowy stres i wydatki, dlatego oferujemy Wam <u>bezp\u0142atn\u0105<\/u> us\u0142ug\u0119 przypomnienia o <strong>przegl\u0105dzie rejestracyjnym<\/strong>, z kt\u00f3rej korzysta ju\u017c ponad milion polskich kierowc\u00f3w. Nasza us\u0142uga polega na przypomnieniu klientowi telefonicznie na kilka dni przed ko\u0144cz\u0105cym si\u0119 terminem bada\u0144 technicznych oraz wys\u0142aniem powiadomienia przez SMS. To wszystko!<\/p>\n<p>Mo\u017cesz zg\u0142osi\u0107 telefonicznie. Zadzwo\u0144<\/p>\n<p> (81) 443 33 99<\/p>\n<h4>Przypomij o przegl\u0105dzie <\/h4>\n<h4>\n\t\t\t\t\t\tAdres<br \/>\n\t\t\t\t<\/h4>\n<p>\n\t\t\t\t\t\tAl. Lotnik\u00f3w Polskich 134<\/br><br \/>\n21-040 \u015awidnik\t\t\t\t\t<\/p>\n<p>\t\t\t\t\t<a href=\"https:\/\/www.facebook.com\/SpeedCarSKP\/\" target=\"_blank\" rel=\"noopener\"><br \/>\n\t\t\t\t\t\tFacebook-f<br \/>\n\t\t\t\t\t\t\t\t\t\t\t<\/a><br \/>\n\t\t\t\t\t<a href=\"http:\/\/www.youtube.com\/channel\/UCq4FzPjPOsoeBM41svvhWbg\" target=\"_blank\" rel=\"noopener\"><br \/>\n\t\t\t\t\t\tYoutube<br \/>\n\t\t\t\t\t\t\t\t\t\t\t<\/a><br \/>\n\t\t\t\t\t<a href=\"https:\/\/www.instagram.com\/speedcar.pl\/\" target=\"_blank\" rel=\"noopener\"><br \/>\n\t\t\t\t\t\tInstagram<br \/>\n\t\t\t\t\t\t\t\t\t\t\t<\/a><\/p>\n<h4>\n\t\t\t\t\t\tTelefon<br \/>\n\t\t\t\t<\/h4>\n<p>\n\t\t\t\t\t\tPrzypomnienie o przegl\u0105dzie<br \/>\n(81) 443 33 99\t\t\t\t\t<\/p>\n<h4>\n\t\t\t\t\t\tE-mail<br \/>\n\t\t\t\t<\/h4>\n<p>\n\t\t\t\t\t\tprzeglad@speedcar.pl<br \/>\nwww.speedcar.pl\t\t\t\t\t<\/p>\n","protected":false},"excerpt":{"rendered":"<p>Pami\u0119taj o przegl\u0105dzie, zapomnij o k\u0142opotach! Ju\u017c nied\u0142ugo zmieni\u0105 si\u0119 przepisy dotycz\u0105ce bada\u0144 technicznych pojazd\u00f3w. Najwi\u0119ksze utrudnienia napotkaj\u0105 zapominalscy kierowcy, kt\u00f3rzy je\u015bli nie wykonaj\u0105 przegl\u0105du rejestracyjnego w ci\u0105gu 30 dni po terminie b\u0119d\u0105 go musieli wykona\u0107 na tzw. wojew\u00f3dzkiej stacji kontroli pojazd\u00f3w, kt\u00f3rych ma powsta\u0107 w ca\u0142ej Polsce 16, czyli po jednej na wojew\u00f3dztwo. Oznacza [&hellip;]<\/p>\n","protected":false},"author":1,"featured_media":0,"parent":0,"menu_order":0,"comment_status":"closed","ping_status":"closed","template":"elementor_canvas","meta":{"footnotes":""},"class_list":["post-10","page","type-page","status-publish","hentry"],"_links":{"self":[{"href":"http:\/\/przypomnijoprzegladzie.pl\/index.php?rest_route=\/wp\/v2\/pages\/10","targetHints":{"allow":["GET"]}}],"collection":[{"href":"http:\/\/przypomnijoprzegladzie.pl\/index.php?rest_route=\/wp\/v2\/pages"}],"about":[{"href":"http:\/\/przypomnijoprzegladzie.pl\/index.php?rest_route=\/wp\/v2\/types\/page"}],"author":[{"embeddable":true,"href":"http:\/\/przypomnijoprzegladzie.pl\/index.php?rest_route=\/wp\/v2\/users\/1"}],"replies":[{"embeddable":true,"href":"http:\/\/przypomnijoprzegladzie.pl\/index.php?rest_route=%2Fwp%2Fv2%2Fcomments&post=10"}],"version-history":[{"count":98,"href":"http:\/\/przypomnijoprzegladzie.pl\/index.php?rest_route=\/wp\/v2\/pages\/10\/revisions"}],"predecessor-version":[{"id":134,"href":"http:\/\/przypomnijoprzegladzie.pl\/index.php?rest_route=\/wp\/v2\/pages\/10\/revisions\/134"}],"wp:attachment":[{"href":"http:\/\/przypomnijoprzegladzie.pl\/index.php?rest_route=%2Fwp%2Fv2%2Fmedia&parent=10"}],"curies":[{"name":"wp","href":"https:\/\/api.w.org\/{rel}","templated":true}]}}